ppose -6*q = 2*q - h. Let w(j) = j**3 - 3*j**2 + 2*j - 1. What is w(q)?
-1
Let v(y) be the third derivative of y**6/120 - 17*y**5/60 - y**4/12 - 7*y**3/6 + 981*y**2. Determine v(17).
-41
Let f(t) = 18*t**2 - t - 87. Let d(k) = -k**2 + k + 29. Let j(p) = 3*d(p) + f(p). Determine j(-1).
13
Let b = 220 + -216. Let d be 245/70*b/(-7). Let q(h) = -4*h - 2. Give q(d).
6
Let c(k) = 23*k + 2. Let x be c(0). Let j(d) = 2*d - 9. Let w(n) = 4. Let y(q) = x*w(q) + j(q). Calculate y(1).
1
Let v = 14 + -4. Let p = 12 - v. Let f(x) = -x - 2 - 1 - p. Calculate f(0).
-5
Let j(d) = -15*d**2 + 100*d + 28. Let l be -602 + 598 + (1 - -1*10). Give j(l).
-7
Let t(r) be the third derivative of r**4/12 - 8*r**3/3 + 2*r**2 + 17*r - 8. What is t(0)?
-16
Suppose -77*o - 9 = -78*o. Suppose 0 = o*y - 127 + 199. Let x(k) = k**3 + 7*k**2 - 8*k + 7. Give x(y).
7
Let s(p) = -44*p - 81. Suppose -2*w = i + 13 - 9, -5*i + 4*w - 6 = 0. Calculate s(i).
7
Let s(w) = 8*w**3 - 5*w**2 - 8*w - 1. Let o(y) = -59*y**3 + 39*y**2 + 61*y + 8. Let x(q) = 2*o(q) + 15*s(q). Determine x(-2).
-7
Let y be (-33)/(-22)*208/6. Suppose 3*p + 5*q - 119 = 0, 2*q + 202 - y = 4*p. Let w(r) = 64*r - 25*r - p*r + 1. Determine w(7).
8
Let v(k) be the first derivative of k**3/3 + 8*k**2 + 13*k + 2912. What is v(-13)?
-26
Let s(f) = -50*f + 18*f + 2*f + 14*f + f - 121. What is s(-8)?
-1
Let x(v) = v**2 - v - 6. Suppose -2*r = -d - 8, -5*r - 69*d = -74*d - 25. Determine x(r).
0
Let h = 67998 + -67992. Let m(o) = -6*o + 1 - 5 + o**2 - 4. Determine m(h).
-8
Let q(l) = l + 10. Let x be q(-10). Let h(n) = 6*n + x*n - 5 + 6*n + 7. Give h(2).
26
Suppose 4*c - 2 = 3*c. Suppose -7*g = -c*g. Let n(w) = 24 + w - 12 - 18. What is n(g)?
-6
Let f = 197 - 133. Let y(o) = 132*o + 5 - 70*o - f*o. Calculate y(7).
-9
Let x(l) = 6*l**2 - 27. Let v(k) be the second derivative of -k**4/12 - 3*k**2/2 + 234*k. Let j(q) = 5*v(q) + x(q). What is j(0)?
-42
Let c(k) = -6*k - 465 - 457 + 920 + 4*k. Let o(q) be the third derivative of q**4/24 - q**2. Let n(g) = c(g) - 2*o(g). What is n(-2)?
6
Let a(v) = -v**3 - 14*v**2 - 14*v + 16. Let q be a(-13). Let d = 31 - q. Suppose d*l + c = 5*l + 8, l - 3*c = 8. Let h(s) = -s**2 - 4*s - 5. What is h(l)?
-5
Let k(g) = -g**2 + 4*g - 3. Suppose h - s + 18 = 50, 178 = 5*h + s. Let w be 154/h + 2/(-5). Give k(w).
-3
Let u(j) = 138*j + 2347. Let m be u(-17). Let q(w) = 4*w**2 + 2*w - 3. Give q(m).
3
Suppose 748*h + 377*h + 1370 + 2005 = 0. Let b(y) = 1. Let i(a) = 3*a**2 + 3*a. Let x(c) = -4*b(c) + i(c). Determine x(h).
14
Let n be (6/7)/((-432)/(-63) + -7). Let z(g) = g. Let c(p) = -10 + 38 - 21 - 3*p. Let i(y) = c(y) + 5*z(y). Determine i(n).
-5
Let o(h) = -10*h**2 + 63*h - 20. Let f be o(6). Let j(k) be the second derivative of -5*k**3/6 - 2*k**2 + 10*k. Calculate j(f).
6
Let f(j) be the first derivative of -j**4/4 + 7*j**3 + 23*j**2/2 - 36*j + 1103. Give f(22).
-14
Let z(w) = 24*w - 214. Let x be z(9). Let h(g) = 0 + 6 - 16*g - g**x + 0 - 2 + 12*g. Calculate h(-5).
-1
Suppose 9 - 24 = 3*g. Let l(p) = 35*p**3 - 18*p**2 - 15*p - 94. Let o(r) = -11*r**3 + 6*r**2 + 5*r + 30. Let j(m) = -6*l(m) - 19*o(m). Determine j(g).
-6
Let b(h) = h**2 - 6*h - 9. Suppose -2*i + 18 = 2*p, 11*i - 8*i - 13 = -p. Determine b(p).
-2
Let y(j) = j**3 - 5*j**2 + 3*j + 4. Let m(s) = -4*s - 111. Let n be m(-29). Suppose -3*r + 10*o = 14*o + 7, -n*r = 5*o + 5. What is y(r)?
-5
Let x = -245 + 250. Let u(v) = -v - 1. Let d(i) = -i - 2. Let t(o) = -3*d(o) + 2*u(o). Calculate t(x).
9
Let u(c) = -c**2 + 95 - 389*c + 166*c + 218*c. What is u(-13)?
-9
Let m = -302 - -309. Let g(d) be the first derivative of -d**2/2 + 3*d - 6. Calculate g(m).
-4
Let o(b) = 19 + 86*b + b**2 - 181*b + 81*b. Let k be o(13). Let a(p) = 4 - 35*p**2 + 6*p + 36*p**2 + k*p - 5*p. Calculate a(-6).
-2
Let k(g) = 4*g + 32. Suppose 12*p = 2*p - p - 55. Give k(p).
12
Suppose 27*m = 72*m - 8955. Suppose -m*v = -190*v. Let i(c) = -c**3 - c**2 + 12. Give i(v).
12
Suppose 0 = 2*h - 20 + 12. Let o(s) = 7*s + h*s + 4511*s**2 - 4518*s**2 - s**3 + 12. Give o(-8).
-12
Let j(r) = -2*r + 8. Let n(s) = 8*s - 29. Let x(t) = -22*j(t) - 6*n(t). Suppose 9*f + 14 + 4 = 0. What is x(f)?
6
Let b(f) be the second derivative of f**5/20 + 5*f**4/12 - f**3 - f**2/2 - 2994*f. Determine b(-4).
39
Let y(x) be the second derivative of -x**4/12 + 5*x**3/6 + 3*x**2/2 - 2329*x. Calculate y(6).
-3
Let m(o) = -49*o - 101. Let j = 180 - 182. Let f be m(j). Let c(z) = 2*z**2 + 3*z + 3. What is c(f)?
12
Let g(c) = -17 + 20 - 4*c**2 - 4*c + 7*c**2 - 4*c**2. What is g(-4)?
3
Let a(k) = 2*k**2 - 7*k + 5. Let o be a(3). Suppose -8 = 4*x, 3*x = -o*q + 6*x + 4. Let w(t) = -6*t**2 - t. Determine w(q).
-5
Suppose -16 + 4 = 5*c - 3*k, -3*c + 8 = 2*k. Let f(t) = -34*t + 28*t + t**2 + c*t**2 + 10 - 5 + 9. What is f(6)?
14
Let q(y) be the first derivative of -y**3/3 + 11*y**2/2 + 19*y - 1721. Calculate q(10).
29
Suppose 4*d + 3*s - 11 = 0, 4*s = d - 1 + 3. Let k be d*2*(-266)/(-152). Let g(p) = p - 1. Let m(h) = h**2 - 6. Let u(a) = 4*g(a) - m(a). What is u(k)?
-19
Let c(l) be the first derivative of l**5/30 + 5*l**4/24 + l**3/3 + 30*l**2 + 74. Let o(q) be the second derivative of c(q). Give o(-4).
14
Let b = 85 - 247. Let m = -155 - b. Let d(h) = -h**3 + 7*h**2 + 2. Give d(m).
2
Let t(q) be the second derivative of 9*q**5/20 - q**4/6 - q**3/3 + 3*q**2/2 - 1725*q. Calculate t(1).
8
Let r(s) = s - 10. Let a be (-7 - (-2 - 7))*34. Suppose -a = 13*d + 62. Give r(d).
-20
Let z(c) be the second derivative of -c**3/6 - 7*c**2 + 13*c + 14. Calculate z(-14).
0
Let m be 20*69/(-115) + 11. Suppose 6 = w + 3. Let y(n) = 2*n**w + 2 + n - 1 + n. Calculate y(m).
-3
Let u = 234 - 234. Let q(g) = -2*g - 7 + 4*g - 8*g + 5*g. Calculate q(u).
-7
Let h(y) = 2*y + 3. Let p be h(2). Let j = 42 + -46. Let d(x) = 5*x. Let u(c) = 11*c + 1. Let k(b) = j*u(b) + 9*d(b). What is k(p)?
3
Let s(m) = -4*m + 8 - 14 - 2*m**2 - m + m**2 - 2*m**3 + 4. What is s(-1)?
4
Let p(f) be the third derivative of -f**4/24 + 5*f**3/6 - 2*f**2. Suppose -390 = -24*n + 11*n. Suppose 8*u + 29 = 4*m + 7*u, 3*m + 2*u = n. Calculate p(m).
-3
Let s(q) = q**3 + 35*q**2 - 3*q - 110. Let v(m) = -47*m - 4970. Let n be v(-105). Give s(n).
-5
Let g(q) = -3*q - 2. Suppose -2*b - b + 18 = 0. Let m(r) be the second derivative of 4*r**3/3 + 7*r**2/2 + 665*r. Let x(y) = b*m(y) + 17*g(y). Calculate x(8).
-16
Let w(h) = -6146 + 3076 + 3064 + h**3 + 4*h**2 - 6*h + 0*h**3. Determine w(3).
39
Let t be 9/((-594)/33)*(1/(-1) - 3). Let s(a) be the second derivative of a**3 + 2*a**t + 0 + 1/12*a**4 - 9*a. Determine s(-5).
-1
Let n(z) = -31 + 21 + 6 + z. Let w(t) = -t**2 + 17*t + 43. Let h be w(19). Give n(h).
1
Let r(o) = 159501*o**3 + 15*o + 3*o**2 - 5*o**2 + 2 - 159502*o**3. Calculate r(-6).
56
Let v(i) = -2*i**2 - 11*i + 13. Let g be v(-6). Let f(w) = 8 + 0*w - 5 + 6 - w. Let x be f(g). Let l(y) = y**2 + 3*y - 3. Calculate l(x).
7
Let n(s) = -3341*s + 3349*s + 3 - 15 - 100. What is n(15)?
8
Let z = -23 + 26. Let n(c) = -3 + 5*c**2 - 5 + 47*c - 55*c + 5 + c**z. Give n(-6).
9
Let r(b) = -b**2 - 5*b + 23. Let t(g) = -2*g**3 + 125*g**2 + 63*g - 7. Let j be t(63). Calculate r(j).
9
Let w(c) be the third derivative of 3*c**4/8 - 53*c**3/2 + 60*c**2 - 10*c. What is w(17)?
-6
Suppose 4*g = -5*j + 28, 0 = 2*j - 7*g + 11*g - 4. Let m(h) = 294 + j*h + 284 - 571. Calculate m(-6).
-41
Let s(f) = f**2 + f**2 + 2*f - 2 - 2*f - 2*f + f**3. Let t be (4/((-16)/(-10)))/((-75)/60). Determine s(t).
2
Let o(f) = 10*f**2 + f**3 - 4 - 11*f + 36 - 13 - 14. Let y(v) = v**3 + 15*v**2 + 13*v - 25. Let t be y(-14). Calculate o(t).
5
Let c(k) be the second derivative of -k**5/5 + k**4/4 - k**3/2 - k**2/2 - 19*k. Let i(o) = -3*o**3 + 4*o**2 - 4*o. Let v(q) = -2*c(q) + 3*i(q). Determine v(5).
-3
Let h(g) = 5*g**2 + 90. Let c be h(0). Suppose 8*u + 22*u = -c. Let a(d) = -d - 7. Calculate a(u).
-4
Suppose 53*o + 48*o + 562 + 448 = 0. Let j(h) = -h**3 + h**2 + h - 1. Let f(w) = -3*w**3 - 7*w**2 + 13*w - 10. Let b(g) = f(g) - 2*j(g). What is b(o)?
-18
Let h(p) = -14*p**2. Let z(g) = -74 - 2*g**2 + 73 + 4*g**2 - 11*g. Let s be z(6). Suppose s = 21*l - 16*l. Determine h(l).
-14
Let p(u) = u - 2. Suppose 92 = 2*t + 2*t + 5*g, g = 0. Let r = t - 17. What is p(r)?
4
Suppose -3*g = -3*h - 15, -7 = 40*h - 39*h - 3*g. Le